et v(j) = 10*j - 6 - 8*j - 3*j. What is v(s)?
-14
Suppose -90 + 55 = -5*k + 5*i, -i = 3*k - 9. Let f(u) = -u**3 + u**2 + 5*u - 1. Determine f(k).
-29
Let g be (10/15*((-231)/2)/11)/(-1). Let z(v) = v - 11. What is z(g)?
-4
Let h(m) = -m**2 + 1. Let i be h(1). Suppose 5*t - 22 - 13 = -s, i = 3*s - 15. Let d(r) = -t + 1 + 2*r + 6. What is d(-2)?
-3
Let h(u) = -8*u**3 - 3*u**2 + u - 4. Let w be h(1). Let m(f) = -2*f**2 - 30*f - 34. What is m(w)?
-6
Let k(s) = 46*s - 18*s - 22*s + 1 + 3. What is k(-3)?
-14
Let y(m) = 1116*m - 372*m - 375*m - 3*m**2 - 378*m - 21 - 4*m**2 - m**3. Calculate y(-6).
-3
Let q(k) = 2*k + 76. Let d be q(-37). Let t(u) = 7 + 113*u**d - 112*u**2 - 2 - 25. Give t(0).
-20
Suppose -2*s - s + 237 = 0. Suppose 4*k - 4*r + 292 = 0, 87 = -k + 3*r + 20. Let m = s + k. Let u(w) = -w**2 + w + 4. Determine u(m).
-2
Suppose 27 = -363*l + 372*l. Let k(f) = -8*f**2 - 12 + 21*f + f**l + 23*f - 39*f + 1. What is k(8)?
29
Let n(o) = 13*o**2 - o - 1. Let x be n(-1). Let d(p) be the first derivative of 76 + 6*p - 1/2*p**2. Calculate d(x).
-7
Let q(g) = -g + 13. Let a be q(-8). Let v(f) = -2 - f**2 - 20*f - a*f + 0 + 36*f. Determine v(-3).
4
Suppose -f = 5*i - 31, -5*i - 3*f + 35 = 2*f. Let l(p) = 4 - p - 10 - i. Give l(-7).
-5
Let m(p) be the first derivative of p**4/4 + 82*p + 1156. Calculate m(0).
82
Let p(q) = 13*q**3 + 23*q**2 - 444*q - 14. Let m(s) = 9*s**3 + 15*s**2 - 315*s - 9. Let t(a) = -7*m(a) + 5*p(a). What is t(-6)?
11
Let q(d) be the first derivative of -d**2/2 + 2*d - 951. What is q(-2)?
4
Let r(v) be the first derivative of 43 + 1/3*v**3 + 3*v + 3/2*v**2. Suppose o = 4*h - 0 + 1, 0 = -o + 3*h. Determine r(o).
3
Let k be 9 + (-255)/30 - 3/(-2). Let w(j) be the second derivative of 5*j**k + 0 + 1/12*j**4 + 4/3*j**3 - 36*j. Calculate w(-7).
3
Let n(y) = y**2 - 25*y + 87. Suppose 0 = 5*w - 8*g + 4*g - 109, -5*g - 47 = -2*w. Let c be n(w). Let r(t) = 7*t + 2. What is r(c)?
23
Suppose 3*f + 3*z - 3 = 12, 32 = 5*f - 2*z. Suppose -f*x + 3 = -15. Suppose 26 = 3*h - 2*b, -x*h + 2*b + 22 = b. Let j(t) = -t**3 + 6*t**2 + t + 7. Give j(h).
13
Let k(u) = -24*u**2 + 40*u**2 - 7 + u**3 - 20*u**2 - 3*u. Suppose 39*o + 740 = 29*o. Let r = o + 79. What is k(r)?
3
Let b(o) = -2*o - 1 + 18*o**2 - o + o - 15*o**2. Let v be -38 - ((-10)/25)/(3/15). Let i = v - -38. Calculate b(i).
7
Let l(x) = 9*x - 7. Suppose 4*o = 4*q - 36, 74*o + 27 = -q + 69*o. Give l(q).
20
Suppose -162*c - 76 = -164*c. Let y = 48 - c. Let x(l) = l - 14. Give x(y).
-4
Let m(f) = f**2 - 9*f - 4. Let a = 37 + -30. Suppose 13 = a*p - 22. Suppose 0 = p*j + 16 - 61. Determine m(j).
-4
Let i = -2583 + 2593. Let r(l) = 3*l**2 - 31*l + 4. Give r(i).
-6
Let n(b) = -11*b - 110. Let c be (35/(-7))/(-30)*-15*(-24)/(-5). What is n(c)?
22
Let i(z) = z**2 - 3*z - 3. Let j be i(4). Suppose 0 = -4*o + 7 + j. Let g(v) = -4*v - 278. Let h(m) = 5*m + 370. Let y(p) = -4*g(p) - 3*h(p). Give y(o).
4
Let a(m) = -10*m + 41. Suppose -9*s - 55 = -83*s + 167. What is a(s)?
11
Let b(m) = 7*m + 1 - 3*m**2 + 2*m**2 - 4. Let x(s) = 3622*s - 14483. Let g be x(4). Calculate b(g).
7
Let o(i) = i**3 + 30*i**2 - 29*i + 37. Let n be -36 + (9 + -11)*(-5)/2. What is o(n)?
-25
Let a(t) = -t**2 + 7*t - 7. Suppose -13*r - 5*x = -14*r - 425, 0 = -x + 4. Let w = 408 + r. Determine a(w).
5
Let b be -2*(2 - 5/2). Let a be 2*(b - 2/(-4)). Let q(h) = -a + 2 - 1 - h + 4. Determine q(1).
1
Let c(i) = -i**3 - 7*i**2 - 7*i - 2. Suppose -4*q = -2*n + 5 + 3, -2*n + 12 = -5*q. Let d be (-9)/(2 + n - (-2)/4). Suppose j + 0 = -d. What is c(j)?
4
Let d be (5 + 1 + -7)/((-1)/82). Let p = d + -70. Let k(f) = 3*f - 36. Let c be k(p). Let q(b) = b + 8. Give q(c).
8
Let v(n) = n**3 - 15*n**2 - n + 36. Suppose -5*t = 0, 65*s - 135*s + t + 45 = -67*s. Calculate v(s).
21
Let d = 17 - 28. Let b(t) = t. Let l(r) = -5*r - 4. Let n(p) = -4*b(p) - l(p). Let k(o) = -6*o - 21. Let c(z) = d*n(z) - 2*k(z). Determine c(5).
3
Let f(p) = -p**2 - 19*p + 2. Let d be 1/((-12)/(-72) - 2/9). Determine f(d).
20
Let j(o) = -2*o + 48. Let a be j(21). Let c be (2 + 2)*(-3)/a*-1. Let p(m) = -6*m + 3 - 15*m**c + 14*m**2 + 7. Give p(-7).
3
Let b(l) be the third derivative of -1/60*l**5 - 10/3*l**3 - 224*l**2 + 0*l - 7/24*l**4 + 0. Calculate b(-6).
-14
Let v(w) = 10*w + 207 - 207. Suppose -8*s + 41 = 17. Calculate v(s).
30
Let w(c) = 70*c**3 - 2*c**2 + 12*c + 4. Let i(n) = 73*n**3 - 3*n**2 + 15*n + 5. Let q(p) = 4*i(p) - 5*w(p). Determine q(-1).
56
Let z(u) be the first derivative of -u**4/4 + u**3/3 + u**2/2 - u + 136. Let n = 69 - 69. What is z(n)?
-1
Let q(p) be the second derivative of 65*p**3/6 + 67*p**2 - 2*p + 2128. Give q(-2).
4
Let x(j) be the third derivative of j**7/840 + j**5/120 + 13*j**4/12 - j**3/6 - 106*j**2. Let u(w) be the second derivative of x(w). What is u(-1)?
4
Suppose 4*u = 5*f - 179, 5*u - 47 = -f + 3*u. Let q(a) = -16*a + 2 + f*a - 20*a. What is q(-3)?
-7
Let q(i) = -157*i**2 + i - 3*i + 46*i**2 - 16 - 28 + 109*i**2. Determine q(0).
-44
Let a = 448 + -452. Let b(z) = -14*z**2 - 34*z - 44. Let d(i) = 5*i**2 + 11*i + 15. Let m(v) = a*b(v) - 11*d(v). What is m(-12)?
-25
Let r(b) = -2*b**2 - 15*b - 15. Suppose -2*i - a + 872 = 0, 8*i + 430 = 9*i - a. Let c = 428 - i. Determine r(c).
3
Suppose 1052 = 4*d + 1008. Let y(o) = d*o + 2*o + o**2 - 2*o + 10 + 0*o. Calculate y(-9).
-8
Suppose -5*i = 5*b + 70, 3*i - 3*b + 8*b + 50 = 0. Let d(z) = -z**3 - 9*z**2 + 8*z - 4. Let k be d(i). Let u(p) = -10 - p - k + 13. What is u(-7)?
-6
Let a(l) be the first derivative of 4/3*l**3 + 1/4*l**4 - 2*l**2 + 5*l - 77. Suppose -13 - 3 = 4*i. Give a(i).
21
Suppose -2*d - 7 = -y - 2, -4*y - 2*d - 20 = 0. Let z(v) = v**3 + 3*v**2 - v - 1. Determine z(y).
2
Let v = 3602 + -3594. Let m(l) = -5*l**2 + 39*l + 5. Give m(v).
-3
Let v(z) = 3*z**2 - 19*z - 9. Let l(w) = -w**2 + 9*w + 5. Let d(q) = 2*q - 1. Let x be d(3). Let h = 184 + -182. Let t(i) = h*v(i) + x*l(i). Give t(-6).
1
Suppose -113*t + 28*t = -170. Suppose 3*y - 6*y + 4*a + 25 = 0, -a - 7 = -y. Let f(c) = -6*c**3 - 2 - c**t + 1 + c**y - 2*c. Determine f(-1).
5
Suppose -42*g - 24 = -46*g. Let t(v) = -7*v**2 + 12*v - 14. Let h(s) = -7 - 3*s + 6*s - 2*s - 3*s**2 + 5*s. Let j(o) = 5*h(o) - 2*t(o). Calculate j(g).
-7
Let t(i) = 7*i - 22*i - 5 + 4*i + 9*i + 0*i. Suppose 37 - 2 = -7*z. Determine t(z).
5
Let c(v) be the first derivative of 111 + 1/3*v**3 + 4*v + 3/2*v**2. Give c(-2).
2
Let n = -173 + 249. Let h(y) = 71 - 221 + n + y + 76. Determine h(-7).
-5
Let q(a) be the first derivative of 6*a**2 + 13*a - 1528. Calculate q(-2).
-11
Let m(o) = 3*o - 1. Suppose -h - 2*h + 15 = 0. Suppose -2*r = h*x + 2, -r + 0*r + 5*x + 14 = 0. Let d be 1/(-3*r/(-48)). Give m(d).
11
Let u(c) = -c**2 - 2*c + 2. Suppose 2*f + 4*n - 8 = 0, -2*f + 4*f - 6 = -3*n. Suppose f = -5*w - 0*w + 30. Suppose 0 = d - w*d + 10. What is u(d)?
-6
Let l(f) be the third derivative of -f**5/20 - f**4/12 - f**3/3 + 1244*f**2. Determine l(2).
-18
Let u(p) be the second derivative of -p**6/180 + 3*p**5/40 + 31*p**4/6 - p**2 + 9*p - 1. Let a(z) be the third derivative of u(z). Determine a(7).
-19
Let d be (2 + 1)/(1/(7 - 6)). Suppose -d*a = -5*i + a + 49, i - 10 = a. Suppose i = w + 3. Let g(p) = -p**2 + 7*p - 2. Calculate g(w).
4
Let k(x) = x - 1. Let b = -15 - -21. Let i(n) = 4*n + 4. Let g(r) = b*k(r) - 2*i(r). Let y be g(-8). Let z(v) = -3*v + 1. Determine z(y).
-5
Let s(a) = -3*a**3 - 2*a**2 - 5*a + 3. Suppose 2*g + 6 = 5*g. Let h(i) = i**3 - i**2 + i. Let l(w) = g*h(w) + s(w). Suppose 17 - 128 = 37*p. Calculate l(p).
3
Let l(r) = -r**2 + 6*r - 2. Let q be l(4). Let y(z) = 11*z**2 - 23*z. Let p(i) = 9*i**2 - 18*i. Let j(f) = -6*p(f) + 5*y(f). Give j(q).
-6
Let f = 4 - 2. Let y(a) be the first derivative of -9 - 12 - 3*a**f + a**3 - 2 - 5*a + a**2. Determine y(4).
27
Suppose -14*v + 4 = -12*v. Let c(k) = 35*k**2 - 13*k - 3. Let m(t) = -12*t**2 + 4*t + 1. Let o(u) = v*c(u) + 7*m(u). Determine o(-1).
-15
Let a be 1*-97*(-29 + 28). Let p = 100 - a. Let y(x) = -2*x**2 + 2*x - 2. Give y(p).
-14
Let b(i) = -10 + 95*i - 367*i + 84*i + 107*i + 112*i. Calculate b(4).
114
Let g(p) = -p**3 + 7*p**2 - 4*p - 9. Suppose 2*t = -4*n + 32, -23*n = -21*n + 2*t - 20. Give g(n).
3
Let j(m) = 5890 + 15*m - 24*m - 5903. Determine j(-2).
5
Let v(k) = -k**3 + k**2 + 4. Let p =